rmine f(-15).
-4
Let g(z) = 9014*z + 171243. Determine g(-19).
-23
Let p(i) = -i**2 - 21732*i + 631060. What is p(29)?
-9
Let k(n) = -19*n**3 + 96*n**2 - 21*n + 37. What is k(5)?
-43
Let w(v) = 4482*v + 147930. Determine w(-33).
24
Let k(j) = -j**3 + 176*j**2 + 1323*j - 7688. Give k(183).
-2
Let u(l) = 63*l**2 - 2779*l - 16698. Calculate u(-6).
2244
Let i(f) = -2952*f - 20656. Calculate i(-7).
8
Let i(d) = 5*d**3 + 330*d**2 - 17*d + 225. Calculate i(-66).
1347
Let a(l) = l**3 + 32*l**2 + 187*l - 38. Determine a(-8).
2
Let l(o) = -o**3 + 79*o**2 - 326*o + 58. Calculate l(4).
-46
Let k(h) = -h**3 + 201*h**2 - 1734*h + 1351. Calculate k(192).
199
Let u(g) = -278615*g + 3900611. Give u(14).
1
Let b(m) = -17117*m + 17334. Give b(1).
217
Let i(u) = 801005*u - 1. Calculate i(0).
-1
Let l(i) = i**2 + 2952*i - 1101299. Calculate l(335).
-154
Let y(d) = 1606*d + 96357. Calculate y(-60).
-3
Let s(v) = 286*v**2 - 126*v + 11. Determine s(3).
2207
Let i(z) = 6*z**2 + 27*z + 65. Calculate i(-9).
308
Let a(j) = 32951*j + 329600. Calculate a(-10).
90
Let d(c) = -4314*c - 56387. Give d(-13).
-305
Let c(o) = -21518*o - 193548. Give c(-9).
114
Let p(z) = -z**3 - 19*z**2 - 4016*z - 80697. What is p(-20)?
23
Let w(q) = 6132*q + 15620. Give w(-3).
-2776
Let b(z) = 4*z**3 + 27*z**2 - 3877*z - 27092. What is b(-7)?
-2
Let f(l) = -l**2 - 88*l + 906. Give f(9).
33
Let n(c) = 1478*c + 12353. What is n(-8)?
529
Let h(g) = 11798*g + 188714. Calculate h(-16).
-54
Let v(j) = 2212*j + 14662. Give v(-6).
1390
Let d(v) = -4*v**2 + 1076*v - 49377. Give d(210).
183
Let s(z) = -5*z**2 + 4170*z - 869258. Give s(411).
7
Let h(x) = -x**2 - 3647*x + 29190. Give h(8).
-50
Let m(n) = 30*n**2 - 3396*n - 354. Calculate m(113).
-1032
Let a(c) = c**2 + 13396*c + 80404. Calculate a(-6).
64
Let q(m) = 94*m**2 - 7146*m + 28. Calculate q(76).
-124
Let w(y) = 5*y**2 - 2952*y + 31854. Determine w(11).
-13
Let l(y) = -389308*y - 778625. What is l(-2)?
-9
Let m(r) = -r**3 - 83*r**2 + 3961*r + 571. Calculate m(34).
-7
Let d(w) = -100*w + 11918. Calculate d(116).
318
Let g(w) = 240067*w + 240083. What is g(-1)?
16
Let c(x) = -6*x**3 + 10*x**2 - 35*x + 50. Determine c(4).
-314
Let n(x) = x**2 - 111*x - 3114. Determine n(-33).
1638
Let k(p) = -4905*p - 225579. Determine k(-46).
51
Let l(a) = 638*a**2 + 2570*a - 44. Determine l(-4).
-116
Let o(z) = 559*z + 5190. What is o(-11)?
-959
Let y(p) = 266693*p + 4000388. Give y(-15).
-7
Let n(w) = 2386*w + 696689. Determine n(-292).
-23
Let h(u) = 43*u**3 - 1678*u**2 + 39*u - 122. Determine h(39).
-122
Let r(c) = -1784*c**2 - 3443*c - 3440. Give r(-1).
-1781
Let t(u) = 1049*u + 9973. What is t(-10)?
-517
Let o(q) = -q**3 + 40*q**2 - 268*q + 225. Determine o(7).
-34
Let n(b) = -4*b**2 + 2591*b - 7244. Determine n(645).
-149
Let x(m) = -270*m**2 - 6159*m - 27229. Give x(-6).
5
Let j(i) = 42*i**2 - 127*i - 1193. Give j(-8).
2511
Let v(q) = q**2 - 100490*q + 602900. Determine v(6).
-4
Let y(t) = 4595*t - 271092. What is y(59)?
13
Let y(s) = 19755*s + 1343357. Give y(-68).
17
Let z(k) = 22*k**3 - 1797*k**2 - 575*k - 42. Calculate z(82).
-124
Let w(a) = -91*a - 2480. What is w(-25)?
-205
Let a(y) = -2797*y + 86773. What is a(31)?
66
Let l(k) = 3*k**3 + 50*k**2 - 63*k - 748. Give l(-17).
34
Let u(f) = -f**3 + 783*f**2 - 6218*f + 110. Determine u(8).
-34
Let j(r) = 474*r**2 - 1893*r - 5. Determine j(4).
7
Let g(t) = 3*t**3 + 424*t**2 + 2945*t - 279. What is g(-134)?
123
Let z(r) = r**3 + 73*r**2 - 669*r - 38905. What is z(-75)?
20
Let n(p) = -137*p + 7713. Determine n(65).
-1192
Let a(m) = 1846*m - 906390. Calculate a(491).
-4
Let t(u) = 544*u + 2190. Calculate t(-5).
-530
Let m(q) = q**2 + 2694*q + 680182. What is m(-282)?
-2
Let s(b) = -b**3 - 20*b**2 + 146*b - 216. Determine s(-27).
945
Let l(f) = -5137*f - 251648. Give l(-49).
65
Let o(h) = -h**3 - 140*h**2 - 1305*h - 1238. Give o(-130).
-588
Let g(o) = 4*o**2 - 281*o + 3673. What is g(54)?
163
Let k(p) = p**2 + 16486*p - 528555. Determine k(32).
21
Let c(n) = n**2 - 19729*n - 59202. Calculate c(-3).
-6
Let y(u) = -8*u**2 - 1699*u - 27260. Determine y(-195).
-155
Let r(b) = -3*b**2 - 11*b - 1. Determine r(1).
-15
Let j(s) = -s**3 - 131*s**2 - 247*s - 14. Calculate j(-129).
-1433
Let q(p) = -p**3 - 59*p**2 - 226*p - 733. Determine q(-55).
-403
Let g(d) = 3*d**3 + 60*d**2 + 348*d + 335. What is g(-9)?
-124
Let b(r) = r**2 + 786*r + 49618. What is b(-69)?
145
Let l(v) = 49*v + 1831. Give l(-27).
508
Let a(f) = f**3 + 100*f**2 + 1943*f + 1411. Give a(-74).
5
Let w(z) = 18424*z - 11643984. Determine w(632).
-16
Let g(u) = 2*u**3 + 13*u**2 - 139*u + 256. Calculate g(6).
322
Let n(y) = -y**2 - 1749*y - 119257. Determine n(-71).
-119
Let i(x) = 26*x**2 - 5606*x - 1392. Determine i(216).
768
Let n(a) = -38*a**2 - 4426*a - 359. What is n(-115)?
6081
Let o(t) = -t**2 + 381*t - 33295. Give o(133).
-311
Let a(b) = -16203*b - 32712. Determine a(-2).
-306
Let n(c) = -1613*c + 17740. Calculate n(11).
-3
Let n(l) = 2*l**2 - 3924*l - 107360. Calculate n(-27).
46
Let z(k) = -2*k**2 - 1107*k - 147159. What is z(-332)?
-83
Let c(b) = -44140*b + 44080. Determine c(1).
-60
Let x(h) = -3*h**3 - 45*h**2 - 135*h - 1292. Give x(-14).
10
Let l(s) = 2*s**3 - 2006*s**2 + 17890*s + 23. Calculate l(9).
5
Let g(p) = 10*p**2 + 139*p - 656. Give g(5).
289
Let r(z) = z**3 + 153*z**2 + 295*z - 449. Calculate r(-151).
608
Let u(l) = 32*l**3 - l**2 - 37*l - 34. Calculate u(-1).
-30
Let m(u) = -527*u + 69336. What is m(132)?
-228
Let v(k) = -33*k**2 + 403*k + 234. Calculate v(13).
-104
Let t(h) = 442873*h + 4871637. Calculate t(-11).
34
Let l(g) = 88*g + 29179. Determine l(-332).
-37
Let z(l) = 294*l - 17509. Calculate z(60).
131
Let s(i) = i**3 + 30*i**2 - 2805*i + 282. Calculate s(40).
82
Let j(m) = -2*m**3 + 39*m**2 + 476*m - 9535. Calculate j(19).
-130
Let l(y) = y**3 + 67*y**2 + 131*y + 57. Give l(-65).
-8
Let k(y) = -45429*y + 59557412. Give k(1311).
-7
Let x(s) = -26052*s + 52092. Give x(2).
-12
Let x(i) = i**3 + 54*i**2 - 9*i - 48. Calculate x(-54).
438
Let c(y) = 18*y**2 + 121*y - 38. Give c(-7).
-3
Let n(g) = -477*g**2 - 44*g - 29. Determine n(2).
-2025
Let d(y) = 2764*y**2 - 478173*y + 260. Calculate d(173).
87
Let t(y) = 31*y**2 + 10626*y - 10630. Calculate t(1).
27
Let p(k) = -2*k**2 - 287*k - 8889. Give p(-98).
29
Let l(j) = 1158*j + 7080. Determine l(-6).
132
Let t(n) = 144*n**3 + n**2 + 299*n - 299. What is t(1)?
145
Let i(w) = w**3 - 11*w**2 - 568*w + 106. Calculate i(30).
166
Let o(l) = 22295*l - 3366539. Determine o(151).
6
Let c(j) = j**3 - 217*j**2 - 1714*j - 1024. Calculate c(-7).
-2
Let b(a) = -334*a + 20267. Calculate b(60).
227
Let i(j) = 3*j**3 - 153*j**2 - 152*j - 19. What is i(52)?
189
Let s(t) = 7*t**2 + 520*t + 2635. What is s(-5)?
210
Let z(x) = -4*x**3 - 52*x**2 - 152*x + 8. Determine z(-7).
-104
Let s(y) = 3*y**3 + 103*y**2 + 20*y - 364. Calculate s(-34).
112
Let u(n) = n**3 + 351*n**2 - 1553*n - 47214. Give u(-355).
1
Let u(h) = -h**3 - 721*h**2 - 63631*h + 2380. Determine u(-103).
11
Let z(r) = 134374*r - 268737. What is z(2)?
11
Let f(u) = 4*u**2 - 15*u - 12. What is f(9)?
177
Let w(y) = 65*y + 11551. What is w(-176)?
111
Let m(d) = d**3 - 98*d**2 + 83*d + 1278. Calculate m(97).
-80
Let x(w) = -514*w + 136326. Determine x(265).
116
Let b(f) = -f**3 + 233*f**2 - 1357*f - 1133. Determine b(227).
2
Let u(x) = 26*x**2 - 987*x - 2942. Give u(-3).
253
Let n(s) = -27*s**2 + 26688*s + 213520. Determine n(-8).
-1712
Let y(i) = -14*i**2 - 954*i + 62354. Give y(-109).
6
Let c(q) = -912*q**2 - 4570*q + 6. Determine c(-5).
56
Let a(d) = d**2 - 392*d - 24582. Calculate a(-55).
3
Let y(j) = 379*j - 6203. Calculate y(17).
240
Let x(u) = -1459*u - 7274. Calculate x(-5).
21
Let u(m) = -2*m**3 + 100*m**2 - 96*m + 1010. Give u(49).
1108
Let p(s) = -351*s**2 - 1155*s - 392. Give p(-3).
-86
Let z(y) = -y**2 + 2723*y + 1630283. Determine z(-505).
143
Let n(a) = -a**3 + 70*a**2 - 589*a - 83. What is n(10)?
27
Let c(q) = -23*q**2 + 3878*q + 1530. Give c(169).
9
Let l(q) = 8*q**2 - 410*q - 1524. What is l(55)?
126
Let x(f) = -8*f**2 + 115*f - 282. What is x(17)?
-639
Let n(y) = 49*y - 710. Determine n(38).
1152
Let z(o) = -362*o**3 - 2535*o**2 - 1. What is z(-7)?
-50
Let d(s) = -224*s**3 + 185*s**2 - s - 1. Give d(1).
-41
Let x(t) = -552*t